{"id":2239,"date":"2018-04-30T14:44:21","date_gmt":"2018-04-30T14:44:21","guid":{"rendered":"https:\/\/www.sallejoven.es\/?page_id=2239"},"modified":"2018-05-03T15:29:20","modified_gmt":"2018-05-03T15:29:20","slug":"peregrinacion","status":"publish","type":"page","link":"https:\/\/www.sallejoven.es\/?page_id=2239","title":{"rendered":"PEREGRINACI\u00d3N"},"content":{"rendered":"<p><img loading=\"lazy\" decoding=\"async\" class=\"aligncenter wp-image-2240 size-full\" src=\"https:\/\/www.sallejoven.es\/wp-content\/uploads\/2018\/04\/PEREGRINACION_LS.png\" alt=\"\" width=\"1000\" height=\"250\" srcset=\"https:\/\/www.sallejoven.es\/wp-content\/uploads\/2018\/04\/PEREGRINACION_LS.png 1000w, https:\/\/www.sallejoven.es\/wp-content\/uploads\/2018\/04\/PEREGRINACION_LS-550x138.png 550w, https:\/\/www.sallejoven.es\/wp-content\/uploads\/2018\/04\/PEREGRINACION_LS-768x192.png 768w, https:\/\/www.sallejoven.es\/wp-content\/uploads\/2018\/04\/PEREGRINACION_LS-250x63.png 250w, https:\/\/www.sallejoven.es\/wp-content\/uploads\/2018\/04\/PEREGRINACION_LS-150x38.png 150w\" sizes=\"auto, (max-width: 1000px) 100vw, 1000px\" \/><\/p>\n<h4>Peregrinar es mucho m\u00e1s que andar: es hacer camino juntos, compartir, vivir y descubrir nuevos compa\u00f1eros de viaje. \u00bfTe animas?<\/h4>\n<p>&nbsp;<\/p>\n<p><iframe loading=\"lazy\" src=\"https:\/\/docs.google.com\/spreadsheets\/d\/e\/2PACX-1vSN6AzdSdm3Ri7o9XapreOmKswBT4925Qs--KHlu0tFUl4hIpulPssuzG9MRUKOuRQW0s6jaM6hsPXL\/pubhtml?widget=true&amp;headers=false\" width=\"1500\" height=\"150\"><\/iframe><\/p>\n<p>M\u00e1s informaci\u00f3n, escribiendo un correo electr\u00f3nico a:\u00a0pastoral@lasalle.es<\/p>\n<p><a href=\"https:\/\/www.sallejoven.es\/?page_id=466\">-&gt; VOLVER A \u201cACTIVIDADES DE VERANO\u201d<\/a><\/p>\n","protected":false},"excerpt":{"rendered":"<p>Peregrinar es mucho m\u00e1s que andar: es hacer camino juntos, compartir, vivir y descubrir nuevos compa\u00f1eros de viaje. \u00bfTe animas? &nbsp; M\u00e1s informaci\u00f3n, escribiendo un correo electr\u00f3nico a:\u00a0pastoral@lasalle.es -&gt; VOLVER A \u201cACTIVIDADES DE VERANO\u201d<\/p>\n<p> <a class=\"continue-reading-link\" href=\"https:\/\/www.sallejoven.es\/?page_id=2239\"><span>Leer m\u00e1s<\/span><i class=\"crycon-right-dir\"><\/i><\/a> <\/p>\n","protected":false},"author":5,"featured_media":0,"parent":0,"menu_order":0,"comment_status":"closed","ping_status":"closed","template":"templates\/template-onecolumn.php","meta":{"footnotes":""},"class_list":["post-2239","page","type-page","status-publish","hentry"],"_links":{"self":[{"href":"https:\/\/www.sallejoven.es\/index.php?rest_route=\/wp\/v2\/pages\/2239","targetHints":{"allow":["GET"]}}],"collection":[{"href":"https:\/\/www.sallejoven.es\/index.php?rest_route=\/wp\/v2\/pages"}],"about":[{"href":"https:\/\/www.sallejoven.es\/index.php?rest_route=\/wp\/v2\/types\/page"}],"author":[{"embeddable":true,"href":"https:\/\/www.sallejoven.es\/index.php?rest_route=\/wp\/v2\/users\/5"}],"replies":[{"embeddable":true,"href":"https:\/\/www.sallejoven.es\/index.php?rest_route=%2Fwp%2Fv2%2Fcomments&post=2239"}],"version-history":[{"count":6,"href":"https:\/\/www.sallejoven.es\/index.php?rest_route=\/wp\/v2\/pages\/2239\/revisions"}],"predecessor-version":[{"id":2278,"href":"https:\/\/www.sallejoven.es\/index.php?rest_route=\/wp\/v2\/pages\/2239\/revisions\/2278"}],"wp:attachment":[{"href":"https:\/\/www.sallejoven.es\/index.php?rest_route=%2Fwp%2Fv2%2Fmedia&parent=2239"}],"curies":[{"name":"wp","href":"https:\/\/api.w.org\/{rel}","templated":true}]}}

PEREGRINACIÓN

<p><img loading="lazy" decoding="async" class="aligncenter wp-image-2240 size-full" src="https://www.sallejoven.es/wp-content/uploads/2018/04/PEREGRINACION_LS.png" alt="" width="1000" height="250" srcset="https://www.sallejoven.es/wp-content/uploads/2018/04/PEREGRINACION_LS.png 1000w, https://www.sallejoven.es/wp-content/uploads/2018/04/PEREGRINACION_LS-550x138.png 550w, https://www.sallejoven.es/wp-content/uploads/2018/04/PEREGRINACION_LS-768x192.png 768w, https://www.sallejoven.es/wp-content/uploads/2018/04/PEREGRINACION_LS-250x63.png 250w, https://www.sallejoven.es/wp-content/uploads/2018/04/PEREGRINACION_LS-150x38.png 150w" sizes="auto, (max-width: 1000px) 100vw, 1000px" /></p>
<h4>Peregrinar es mucho más que andar: es hacer camino juntos, compartir, vivir y descubrir nuevos compañeros de viaje. ¿Te animas?</h4>
<p>&nbsp;</p>
<p><iframe loading="lazy" src="https://docs.google.com/spreadsheets/d/e/2PACX-1vSN6AzdSdm3Ri7o9XapreOmKswBT4925Qs--KHlu0tFUl4hIpulPssuzG9MRUKOuRQW0s6jaM6hsPXL/pubhtml?widget=true&amp;headers=false" width="1500" height="150"></iframe></p>
<p>Más información, escribiendo un correo electrónico a: pastoral@lasalle.es</p>
<p><a href="https://www.sallejoven.es/?page_id=466">-&gt; VOLVER A “ACTIVIDADES DE VERANO”</a></p>

<p>Peregrinar es mucho más que andar: es hacer camino juntos, compartir, vivir y descubrir nuevos compañeros de viaje. ¿Te animas? &nbsp; Más información, escribiendo un correo electrónico a: pastoral@lasalle.es -&gt; VOLVER A “ACTIVIDADES DE VERANO”</p>
<p> <a class="continue-reading-link" href="https://www.sallejoven.es/?page_id=2239"><span>Leer más</span><i class="crycon-right-dir"></i></a> </p>
