{"id":2236,"date":"2018-04-30T14:43:21","date_gmt":"2018-04-30T14:43:21","guid":{"rendered":"https:\/\/www.sallejoven.es\/?page_id=2236"},"modified":"2018-05-03T15:20:18","modified_gmt":"2018-05-03T15:20:18","slug":"formacion","status":"publish","type":"page","link":"https:\/\/www.sallejoven.es\/?page_id=2236","title":{"rendered":"FORMACI\u00d3N"},"content":{"rendered":"<p><img loading=\"lazy\" decoding=\"async\" class=\"aligncenter wp-image-2237 size-full\" src=\"https:\/\/www.sallejoven.es\/wp-content\/uploads\/2018\/04\/FORMACION_LS.png\" alt=\"\" width=\"1000\" height=\"250\" srcset=\"https:\/\/www.sallejoven.es\/wp-content\/uploads\/2018\/04\/FORMACION_LS.png 1000w, https:\/\/www.sallejoven.es\/wp-content\/uploads\/2018\/04\/FORMACION_LS-550x138.png 550w, https:\/\/www.sallejoven.es\/wp-content\/uploads\/2018\/04\/FORMACION_LS-768x192.png 768w, https:\/\/www.sallejoven.es\/wp-content\/uploads\/2018\/04\/FORMACION_LS-250x63.png 250w, https:\/\/www.sallejoven.es\/wp-content\/uploads\/2018\/04\/FORMACION_LS-150x38.png 150w\" sizes=\"auto, (max-width: 1000px) 100vw, 1000px\" \/><\/p>\n<h4>\u00a1No puede faltar! Ya seas joven lasaliano, animador de grupos, catequista o monitor, tienes una gran oportunidad de continuar form\u00e1ndote.<\/h4>\n<p>&nbsp;<\/p>\n<p><iframe loading=\"lazy\" src=\"https:\/\/docs.google.com\/spreadsheets\/d\/e\/2PACX-1vQmLZiwR8XpTu-dsKCHL8Lj-UfRIuB_dqbDn3_ht0Pbx0QWls9FHVa7zEs_BiaurDAYNtu6yQQ5G-79\/pubhtml?widget=true&amp;headers=false\" width=\"1500\" height=\"250\"><span data-mce-type=\"bookmark\" style=\"display: inline-block; width: 0px; overflow: hidden; line-height: 0;\" class=\"mce_SELRES_start\">\ufeff<\/span><span data-mce-type=\"bookmark\" style=\"display: inline-block; width: 0px; overflow: hidden; line-height: 0;\" class=\"mce_SELRES_start\">\ufeff<\/span><span data-mce-type=\"bookmark\" style=\"display: inline-block; width: 0px; overflow: hidden; line-height: 0;\" class=\"mce_SELRES_start\">\ufeff<\/span><span data-mce-type=\"bookmark\" style=\"display: inline-block; width: 0px; overflow: hidden; line-height: 0;\" class=\"mce_SELRES_start\">\ufeff<\/span><\/iframe><\/p>\n<p>M\u00e1s informaci\u00f3n, escribiendo un correo electr\u00f3nico a:\u00a0pastoral@lasalle.es<\/p>\n<p><a href=\"https:\/\/www.sallejoven.es\/?page_id=466\">-&gt; VOLVER A \u201cACTIVIDADES DE VERANO\u201d<\/a><\/p>\n","protected":false},"excerpt":{"rendered":"<p>\u00a1No puede faltar! Ya seas joven lasaliano, animador de grupos, catequista o monitor, tienes una gran oportunidad de continuar form\u00e1ndote. &nbsp; \ufeff\ufeff\ufeff\ufeff M\u00e1s informaci\u00f3n, escribiendo un correo electr\u00f3nico a:\u00a0pastoral@lasalle.es -&gt; VOLVER A \u201cACTIVIDADES DE VERANO\u201d<\/p>\n<p> <a class=\"continue-reading-link\" href=\"https:\/\/www.sallejoven.es\/?page_id=2236\"><span>Leer m\u00e1s<\/span><i class=\"crycon-right-dir\"><\/i><\/a> <\/p>\n","protected":false},"author":5,"featured_media":0,"parent":0,"menu_order":0,"comment_status":"closed","ping_status":"closed","template":"templates\/template-onecolumn.php","meta":{"footnotes":""},"class_list":["post-2236","page","type-page","status-publish","hentry"],"_links":{"self":[{"href":"https:\/\/www.sallejoven.es\/index.php?rest_route=\/wp\/v2\/pages\/2236","targetHints":{"allow":["GET"]}}],"collection":[{"href":"https:\/\/www.sallejoven.es\/index.php?rest_route=\/wp\/v2\/pages"}],"about":[{"href":"https:\/\/www.sallejoven.es\/index.php?rest_route=\/wp\/v2\/types\/page"}],"author":[{"embeddable":true,"href":"https:\/\/www.sallejoven.es\/index.php?rest_route=\/wp\/v2\/users\/5"}],"replies":[{"embeddable":true,"href":"https:\/\/www.sallejoven.es\/index.php?rest_route=%2Fwp%2Fv2%2Fcomments&post=2236"}],"version-history":[{"count":5,"href":"https:\/\/www.sallejoven.es\/index.php?rest_route=\/wp\/v2\/pages\/2236\/revisions"}],"predecessor-version":[{"id":2275,"href":"https:\/\/www.sallejoven.es\/index.php?rest_route=\/wp\/v2\/pages\/2236\/revisions\/2275"}],"wp:attachment":[{"href":"https:\/\/www.sallejoven.es\/index.php?rest_route=%2Fwp%2Fv2%2Fmedia&parent=2236"}],"curies":[{"name":"wp","href":"https:\/\/api.w.org\/{rel}","templated":true}]}}