{"id":10657,"date":"2020-12-22T18:06:02","date_gmt":"2020-12-22T18:06:02","guid":{"rendered":"https:\/\/www.sallejoven.es\/?page_id=10657"},"modified":"2020-12-27T10:22:26","modified_gmt":"2020-12-27T10:22:26","slug":"natus-en-casa-2020-domingo-27-de-diciembre","status":"publish","type":"page","link":"https:\/\/www.sallejoven.es\/?page_id=10657","title":{"rendered":"Natus en casa 2020: domingo 27 de diciembre"},"content":{"rendered":"\n<figure class=\"wp-block-image size-large is-resized\"><img loading=\"lazy\" decoding=\"async\" src=\"https:\/\/www.sallejoven.es\/wp-content\/uploads\/2020\/12\/Domingo.png\" alt=\"\" class=\"wp-image-10494\" width=\"1021\" height=\"348\" srcset=\"https:\/\/www.sallejoven.es\/wp-content\/uploads\/2020\/12\/Domingo.png 640w, https:\/\/www.sallejoven.es\/wp-content\/uploads\/2020\/12\/Domingo-550x188.png 550w, https:\/\/www.sallejoven.es\/wp-content\/uploads\/2020\/12\/Domingo-150x51.png 150w\" sizes=\"auto, (max-width: 1021px) 100vw, 1021px\" \/><\/figure>\n\n\n\n<div class=\"wp-block-image\"><figure class=\"aligncenter size-large is-resized\"><\/figure><\/div>\n\n\n\n<h2 class=\"wp-block-heading\">Ma\u00f1ana del domingo 27<\/h2>\n\n\n\n<h3 class=\"wp-block-heading\">Motivaci\u00f3n de la ma\u00f1ana<\/h3>\n\n\n\n<div class=\"wp-block-image\"><figure class=\"aligncenter is-resized\"><a class=\"\" href=\"https:\/\/drive.google.com\/drive\/folders\/1W7M6883OzutgZwfaF6GGTR2-CbInHMvd?usp=sharing\" target=\"_blank\" rel=\"noopener noreferrer\"><img loading=\"lazy\" decoding=\"async\" src=\"https:\/\/www.sallejoven.es\/wp-content\/uploads\/2020\/12\/Motivacion-del-dia-550x189.png\" alt=\"\" class=\"wp-image-10405\" width=\"1023\" height=\"352\" srcset=\"https:\/\/www.sallejoven.es\/wp-content\/uploads\/2020\/12\/Motivacion-del-dia-550x189.png 550w, https:\/\/www.sallejoven.es\/wp-content\/uploads\/2020\/12\/Motivacion-del-dia-1024x353.png 1024w, https:\/\/www.sallejoven.es\/wp-content\/uploads\/2020\/12\/Motivacion-del-dia-768x265.png 768w, https:\/\/www.sallejoven.es\/wp-content\/uploads\/2020\/12\/Motivacion-del-dia-1536x529.png 1536w, https:\/\/www.sallejoven.es\/wp-content\/uploads\/2020\/12\/Motivacion-del-dia-150x52.png 150w, https:\/\/www.sallejoven.es\/wp-content\/uploads\/2020\/12\/Motivacion-del-dia.png 1785w\" sizes=\"auto, (max-width: 1023px) 100vw, 1023px\" \/><\/a><figcaption><a href=\"https:\/\/drive.google.com\/drive\/folders\/1W7M6883OzutgZwfaF6GGTR2-CbInHMvd?usp=sharing\" target=\"_blank\" rel=\"noreferrer noopener\">Podcast y otras lecturas. Icono de Juan Bautista de La Salle. <\/a>  <a href=\"https:\/\/drive.google.com\/drive\/folders\/1MxZL4BjLvtX9wy47yfdiUKhbv7NSvSwt?usp=sharing\" target=\"_blank\" rel=\"noreferrer noopener\">Castellano.<\/a> <a href=\"https:\/\/drive.google.com\/drive\/folders\/13LO4Mq7xXt_4wDjZr-Z1ifhATYSFL6d9?usp=sharing\" target=\"_blank\" rel=\"noreferrer noopener\">Catal\u00e1n.<\/a> <a href=\"https:\/\/drive.google.com\/drive\/folders\/14TuRdZHv32fXjYyWybtQ98Sz9EGhdNYE?usp=sharing\" target=\"_blank\" rel=\"noreferrer noopener\">Portugu\u00e9s.<\/a><\/figcaption><\/figure><\/div>\n\n\n\n<h3 class=\"wp-block-heading\">Oraci\u00f3n com\u00fan (10:00 h)<\/h3>\n\n\n\n<figure class=\"wp-block-image size-large is-resized\"><a href=\"https:\/\/youtu.be\/0rbxVYcE5WU\"><img loading=\"lazy\" decoding=\"async\" src=\"https:\/\/www.sallejoven.es\/wp-content\/uploads\/2020\/12\/Oracion-comunidad-barcelos.png\" alt=\"\" class=\"wp-image-10487\" width=\"1024\" height=\"354\"\/><\/a><figcaption><a href=\"https:\/\/youtu.be\/0rbxVYcE5WU\" target=\"_blank\" rel=\"noreferrer noopener\">Oraci\u00f3n de la ma\u00f1ana. Comunidad Barcelos. Domingo 10:00 h. 9:00 Canarias y Portugal<\/a><\/figcaption><\/figure>\n\n\n\n<h3 class=\"wp-block-heading\">Tiempo personal<\/h3>\n\n\n\n<p><em>Elige las actividades seg\u00fan el grupo al que perteneces&#8230;<\/em><\/p>\n\n\n\n<p>[TABS_R id=10672]<\/p>\n\n\n\n<div class=\"wp-block-group\"><div class=\"wp-block-group__inner-container is-layout-flow wp-block-group-is-layout-flow\">\n<hr class=\"wp-block-separator\"\/>\n<\/div><\/div>\n\n\n\n<h2 class=\"wp-block-heading\">Tarde del domingo 27<\/h2>\n\n\n\n<h3 class=\"wp-block-heading\">Caf\u00e9s virtuales<\/h3>\n\n\n\n<div class=\"wp-block-image\"><figure class=\"aligncenter is-resized\"><a href=\"https:\/\/drive.google.com\/file\/d\/1i1zYNz_kYBR2i4_-sbk5lC7wQ9D6-P4T\/view\"><img loading=\"lazy\" decoding=\"async\" src=\"https:\/\/www.sallejoven.es\/wp-content\/uploads\/2020\/12\/cafe-virtual-3.png\" alt=\"\" class=\"wp-image-10405\" width=\"1033\" height=\"351\"\/><\/a><figcaption><a href=\"https:\/\/drive.google.com\/file\/d\/1i1zYNz_kYBR2i4_-sbk5lC7wQ9D6-P4T\/view\" target=\"_blank\" rel=\"noreferrer noopener\">Caf\u00e9s virtuales. Reuni\u00f3n por grupos. Domingo, 27 diciembre. 16:30 ESP. 15:30 Canarias y Portugal<\/a><\/figcaption><\/figure><\/div>\n\n\n\n<h3 class=\"wp-block-heading\">Cierre del encuentro &#8211; oraci\u00f3n con las comunidades de La Salle Palencia (19:30 h)<\/h3>\n\n\n\n<figure class=\"wp-block-image size-large is-resized\"><a href=\"https:\/\/www.youtube.com\/watch?v=vrhFw-gakXw\"><img loading=\"lazy\" decoding=\"async\" src=\"https:\/\/www.sallejoven.es\/wp-content\/uploads\/2020\/12\/oracion-comunidades-la-salle-palencia.png\" alt=\"\" class=\"wp-image-10487\" width=\"1024\" height=\"354\"\/><\/a><figcaption><a href=\"https:\/\/www.youtube.com\/watch?v=vrhFw-gakXw\" target=\"_blank\" rel=\"noreferrer noopener\">Cierre del encuentro. Oraci\u00f3n con las comunidades La Salle de Palencia. Domingo, 27 diciembre. 19:30 h. 18:30 Canarias y Portugal<\/a><\/figcaption><\/figure>\n","protected":false},"excerpt":{"rendered":"<p>Ma\u00f1ana del domingo 27 Motivaci\u00f3n de la ma\u00f1ana Oraci\u00f3n com\u00fan (10:00 h) Tiempo personal Elige las actividades seg\u00fan el grupo al que perteneces&#8230; [TABS_R id=10672] Tarde del domingo 27 Caf\u00e9s virtuales Cierre del encuentro &#8211; oraci\u00f3n con las comunidades de La Salle Palencia (19:30 h)<\/p>\n<p> <a class=\"continue-reading-link\" href=\"https:\/\/www.sallejoven.es\/?page_id=10657\"><span>Leer m\u00e1s<\/span><i class=\"crycon-right-dir\"><\/i><\/a> <\/p>\n","protected":false},"author":19,"featured_media":0,"parent":10357,"menu_order":0,"comment_status":"closed","ping_status":"closed","template":"","meta":{"footnotes":""},"class_list":["post-10657","page","type-page","status-publish","hentry"],"_links":{"self":[{"href":"https:\/\/www.sallejoven.es\/index.php?rest_route=\/wp\/v2\/pages\/10657","targetHints":{"allow":["GET"]}}],"collection":[{"href":"https:\/\/www.sallejoven.es\/index.php?rest_route=\/wp\/v2\/pages"}],"about":[{"href":"https:\/\/www.sallejoven.es\/index.php?rest_route=\/wp\/v2\/types\/page"}],"author":[{"embeddable":true,"href":"https:\/\/www.sallejoven.es\/index.php?rest_route=\/wp\/v2\/users\/19"}],"replies":[{"embeddable":true,"href":"https:\/\/www.sallejoven.es\/index.php?rest_route=%2Fwp%2Fv2%2Fcomments&post=10657"}],"version-history":[{"count":12,"href":"https:\/\/www.sallejoven.es\/index.php?rest_route=\/wp\/v2\/pages\/10657\/revisions"}],"predecessor-version":[{"id":10688,"href":"https:\/\/www.sallejoven.es\/index.php?rest_route=\/wp\/v2\/pages\/10657\/revisions\/10688"}],"up":[{"embeddable":true,"href":"https:\/\/www.sallejoven.es\/index.php?rest_route=\/wp\/v2\/pages\/10357"}],"wp:attachment":[{"href":"https:\/\/www.sallejoven.es\/index.php?rest_route=%2Fwp%2Fv2%2Fmedia&parent=10657"}],"curies":[{"name":"wp","href":"https:\/\/api.w.org\/{rel}","templated":true}]}}